False
Is 72834857 a composite number?
False
Is 60719353 a prime number?
False
Is 16832463 composite?
True
Is 171394661 a prime number?
True
Is 75542227 a composite number?
False
Is 140344429 composite?
True
Is 3050347 prime?
False
Is 7147001 a composite number?
False
Is 2581867 a composite number?
True
Is 1252204327 a composite number?
True
Is 803171 a prime number?
True
Is 86597731 a composite number?
True
Is 11808383 a composite number?
True
Is 71366761 composite?
True
Is 5993963 a prime number?
False
Is 484099333 prime?
True
Is 68040223 a prime number?
False
Is 333481207 a prime number?
True
Is 1166611 prime?
False
Is 746353 a prime number?
True
Is 690694085 a composite number?
True
Is 31227367 composite?
True
Is 1942638911 a prime number?
True
Is 11824457 composite?
False
Is 3237077 prime?
True
Is 505403 prime?
False
Is 731551 a composite number?
True
Is 6136073 a composite number?
False
Is 158246207 a prime number?
False
Is 265523 a composite number?
True
Is 4684091 composite?
False
Is 339805027 composite?
True
Is 1488637 a prime number?
False
Is 32446487 prime?
True
Is 19019197 a composite number?
False
Is 4045227 composite?
True
Is 28850137 composite?
False
Is 371417 a prime number?
True
Is 13489187 a prime number?
True
Is 8609 a composite number?
False
Is 881903 composite?
True
Is 60737297 composite?
False
Is 207899 a composite number?
True
Is 81713059 composite?
True
Is 61262503 composite?
True
Is 126938533 a prime number?
True
Is 75780631 composite?
True
Is 3748367 prime?
False
Is 1423402 composite?
True
Is 371611091 composite?
True
Is 627131617 a composite number?
True
Is 133949 composite?
False
Is 20093617 prime?
False
Is 56881999 prime?
False
Is 135028123 prime?
True
Is 14084911 a composite number?
False
Is 200614277 a prime number?
False
Is 9640871 a composite number?
False
Is 29905243 prime?
True
Is 267161957 a composite number?
True
Is 3525859 a prime number?
True
Is 1353353113 a prime number?
False
Is 318959 a composite number?
True
Is 308281 a prime number?
False
Is 5216927 a prime number?
False
Is 37197821 composite?
True
Is 1065403 a composite number?
True
Is 57457397 prime?
True
Is 82009579 prime?
False
Is 2593657 a prime number?
False
Is 264415803 a composite number?
True
Is 127374827 a composite number?
False
Is 201694423 composite?
True
Is 850823 a prime number?
True
Is 17347331 prime?
True
Is 13667317 a prime number?
True
Is 35536549 composite?
False
Is 1686449 prime?
True
Is 150362 a composite number?
True
Is 2190197 prime?
False
Is 354783367 a composite number?
False
Is 148560017 a composite number?
False
Is 20336287 prime?
False
Is 20196535 a composite number?
True
Is 278841713 prime?
False
Is 114415157 composite?
False
Is 17006323 prime?
False
Is 11399114 prime?
False
Is 70395491 a prime number?
True
Is 33248483 a composite number?
False
Is 1771787 prime?
True
Is 135484157 composite?
False
Is 799519839 composite?
True
Is 590870281 prime?
True
Is 5965247 prime?
True
Is 105724643 a composite number?
False
Is 15860701 a prime number?
True
Is 6802747 prime?
False
Is 39794011 prime?
True
Is 5481173 a composite number?
False
Is 174477637 prime?
False
Is 137643761 composite?
False
Is 216527 a prime number?
False
Is 3566837 a composite number?
True
Is 4863237 a prime number?
False
Is 527446609 prime?
True
Is 15123727 a composite number?
True
Is 109888111 a prime number?
False
Is 865457 composite?
False
Is 526481 prime?
False
Is 14804227 prime?
True
Is 20087321 prime?
False
Is 20443565 prime?
False
Is 5098313 composite?
True
Is 81450731 a prime number?
False
Is 252641 a composite number?
False
Is 671581 composite?
False
Is 4814923 composite?
True
Is 360910387 composite?
False
Is 396997 composite?
False
Is 43922303 prime?
False
Is 23613641 prime?
True
Is 20901389 prime?
True
Is 221761613 a composite number?
True
Is 4482377 a composite number?
True
Is 87737683 composite?
True
Is 87572603 composite?
False
Is 1144343 a composite number?
False
Is 24519205 composite?
True
Is 1282895 prime?
False
Is 16179673 a composite number?
True
Is 57455446 a composite number?
True
Is 14414947 composite?
True
Is 5765869 composite?
False
Is 2691641 composite?
False
Is 4056659 composite?
True
Is 3698503 prime?
False
Is 19993537 composite?
True
Is 54673 a prime number?
True
Is 6795983 a composite number?
False
Is 54158969 a composite number?
True
Is 41982223 a composite number?
False
Is 10448161 a composite number?
True
Is 1020247 a composite number?
False
Is 641944847 a composite number?
True
Is 766637 prime?
True
Is 15178271 prime?
False
Is 11509061 a composite number?
True
Is 3460879 a composite number?
True
Is 7056433 a composite number?
True
Is 87872899 a prime number?
False
Is 56865371 a composite number?
False
Is 11094179 prime?
False
Is 7309615 a composite number?
True
Is 5632231 composite?
True
Is 850673 a prime number?
True
Is 2270713 composite?
False
Is 59971819 prime?
True
Is 55629311 a composite number?
False
Is 5873359 a composite number?
False
Is 1230124579 a prime number?
True
Is 181645235 prime?
False
Is 114720577 a composite number?
False
Is 2737541 a composite number?
True
Is 513881281 prime?
True
Is 94614383 a composite number?
False
Is 5717677 prime?
False
Is 6484427 prime?
True
Is 47489129 a prime number?
False
Is 216697331 prime?
False
Is 2225263 composite?
False
Is 4678511 a prime number?
False
Is 41826853 a composite number?
False
Is 108195391 a composite number?
False
Is 28156631 prime?
True
Is 36097279 composite?
False
Is 1084609 a prime number?
True
Is 72950663 composite?
False
Is 2120423 prime?
True
Is 13593007 a prime number?
True
Is 105243409 a prime number?
True
Is 25340833 prime?
False
Is 6769759 a composite number?
False
Is 18840847 a prime number?
True
Is 3168199 prime?
False
Is 10545961 a prime number?
True
Is 5519783 a composite number?
False
Is 4644617 a prime number?
True
Is 1720931 prime?
True
Is 6000257 a prime number?
False
Is 531721963 composite?
False
Is 1080509 composite?
True
Is 6245549 composite?
False
Is 64318706 a composite number?
True
Is 15870718 a composite number?
True
Is 17246809 a prime number?
True
Is 2498292949 a composite number?
False
Is 21114311 prime?
False
Is 8179883 a prime number?
False
Is 136195 composite?
True
Is 19690951 a composite number?
True
Is 61797887 composite?
False
Is 11497718 a composite number?
True
Is 260555149 prime?
False
Is 10587601 prime?
True
Is 33748271 a prime number?
True
Is 126720523 composite?
True
Is 11395537 composite?
False
Is 1975181 a composite number?
True
Is 40285241 a composite number?
False
Is 949469 a composite number?
True
Is 151417235 a prime number?
False
Is 1471970789 prime?
False
Is 6347891 composite?
True
Is 133921439 composite?
False
Is 1493057 a prime number?
True
Is 2035939 prime?
False
Is 1823171 prime?
False
Is 448769593 composite?
False
Is 7327465 a prime number?
False
Is 941197 prime?
False
Is 20455341 prime?
False
Is 123006607 a prime number?
False
Is 1161990145 prime?
False
Is 376517371 a prime number?
False
Is 16205999 composite?
True
Is 14167943 prime?
True
Is 32453665 a prime number?
False
Is 2399333 composite?
False
Is 469455793 composite?
False
Is 654558139 prime?
True
Is 1640026391 prime?
True
Is 163201981 a composite number?
False
Is 46051553 a composite number?
False
Is 2828083 a prime number?
True
Is 251861 prime?
True
Is 7135627 a composite number?
True
Is 339524674 prime?
False
Is 6334327 composite?
False
Is 20748191 a composite number?
False
Is 4224214 prime?
False
Is 8614513 prime?
True
Is 343081 composite?
False
Is 11207447 prime?
True
Is 28564321 a composite number?
True
Is 340064843 prime?
True
Is 13808377 prime?
False
Is 5316203 a composite number?
False
Is 618671 prime?
True
Is 159158717 a composite number?
False
Is 9920597 a prime number?
True
Is 32831831 a prime number?
True
Is 19248937 composite?
False
Is 916771 prime?
True
Is 13799 composite?
False
Is 393517 composite?
False
Is 2397349 prime?
False
Is 30324769 composite?
False
Is 1292609137 composite?
False
Is 154393021 composite?
False
Is 1885151 composite?
False
Is 3356753 prime?
False
Is 426463 a prime number?
False
Is 5506727 prime?
True
Is 195347 a prime number?
False
Is 95171443 composite?
False
Is 144531523 prime?
True
Is 1041041 prime?
True
Is 816054